 = -12 - g. Let t = 32 - j. Calculate the greatest common divisor of 50 and t.
10
Let n(d) = -13*d - 7. Let w be n(10). Let r = w - -371. Suppose 2*y - 5*y + r = 0. What is the greatest common factor of y and 26?
26
Let x = -88 - -98. Calculate the highest common divisor of 6 and x.
2
Let v = -6 + 10. Suppose -v = -3*g + 17. What is the greatest common factor of g and 56?
7
Suppose 0 = -4*p + p + 561. Let v(d) = -11*d + 1. Let h be v(-4). Let l = h - 28. Calculate the greatest common divisor of p and l.
17
Let n = 12 + 3. Let y be 2/6 + (-20)/6. Let p = n + y. What is the greatest common factor of 60 and p?
12
Let x = 163 - 19. Calculate the highest common divisor of 18 and x.
18
Suppose 38 = -3*o + 4*s + 110, 2*o - 4*s - 52 = 0. Let d be (2 + -27)*1*-2. Calculate the highest common divisor of o and d.
10
Let l(c) = -c + 8 + 0*c - 2 + 2. Let o be l(4). Suppose -2*v = -2*x - 30, -o*x = v + x + 3. Calculate the highest common divisor of v and 132.
12
Let v be (10/(-2))/1*-2. Let b(z) = -z**3 - 4*z**2 + 4*z + 5. Let u be b(-5). What is the highest common divisor of u and v?
10
Let d be -2 + -1 + 5/(10/286). Calculate the highest common divisor of d and 28.
28
Suppose -3*g = -8*g. Suppose -5*n = g, 3*r - 7*r = -n - 36. Calculate the greatest common divisor of r and 36.
9
Let l(t) = -2*t + 5. Let r(o) = -2*o**2 + o + 1. Let h be r(2). Let d be l(h). Suppose 2*v + 15 = 3*v. What is the highest common factor of d and v?
15
Suppose 2*w = 10*w - 64. Calculate the greatest common divisor of 72 and w.
8
Suppose -5*c + 11 = -4*c. Calculate the greatest common factor of c and 33.
11
Let x be (-5)/20 + (-1474)/(-8). What is the greatest common factor of x and 23?
23
Let z(q) = 3*q**2 + 2*q - 2. Let h be (42/35)/(4/(-10)). Let p be z(h). Let w = p + 1. Calculate the greatest common factor of 180 and w.
20
Suppose 2*b + 45 = 155. Suppose -x + 5*q + b = 0, 0*x + 5*x - 4*q - 296 = 0. Suppose -i + x = i. What is the highest common factor of i and 45?
15
Suppose -271 = -8*q - 55. Suppose 4*m - 2*u = 64, 0 = -2*m + u - 2*u + 40. What is the greatest common divisor of q and m?
9
Let t be 2 + (-2)/6*-3. Let i(v) = v - 3*v + t*v + 10. Let x be i(-8). What is the highest common factor of 6 and x?
2
Suppose -5*c + 13 + 12 = 0. Suppose c*v + 0*v = 25. Let d = v - 4. What is the greatest common factor of d and 2?
1
Let c be (-6)/9 + (-92)/(-3). Suppose -5*u + 4 + 1 = -2*y, 5*y - 2*u - 40 = 0. Calculate the highest common divisor of y and c.
10
Let g = 70 + -133. Let b be (270/g)/(2/(-28)). Calculate the highest common factor of b and 24.
12
Suppose n + 26 - 38 = 0. What is the greatest common divisor of 36 and n?
12
Let r = -9 - -7. Let m be 5 + -4 + (r - -129). Calculate the highest common divisor of 16 and m.
16
Suppose -3*h + 206 = -37. Suppose -h = -5*o - 16. Let l be (o/(-3))/((-2)/6). Calculate the highest common divisor of l and 91.
13
Suppose 2 = 4*o - 10. Suppose 2*u - 5*u = 3*j + 3, 5*j + 19 = 2*u. What is the greatest common factor of o and u?
1
Let h = -44 + 70. Calculate the greatest common factor of 130 and h.
26
Suppose -x + 16 + 9 = 0. Let p be 290/x + (-6)/(-15). What is the highest common factor of 132 and p?
12
Suppose 14*o = 802 + 1046. Calculate the highest common factor of o and 12.
12
Suppose 2*p - 121 = -53. What is the highest common divisor of 238 and p?
34
Suppose -r + 4*r - 300 = 0. Suppose 0 = -5*v + x - 295, -v - v = -4*x + r. Let t be (v/(-35))/(1/7). What is the highest common divisor of 12 and t?
12
Let i = 133 - 85. Suppose -5*o + 3*o = 4*h + 32, o - h + 7 = 0. Let y = 16 + o. Calculate the highest common factor of y and i.
6
Suppose 0 = 2*v - 23 - 29. Calculate the greatest common factor of v and 234.
26
Let h = 21 - 13. Let d be 2/(-8) + (3/12 - -2). What is the highest common factor of d and h?
2
Let i be 2 - ((-3)/3)/(-1). Calculate the greatest common factor of 4 and i.
1
Suppose s - 5*s - 3*i - 266 = 0, -6 = 3*i. Let k = 153 + s. Suppose 3*f - 164 - k = 0. What is the greatest common factor of 12 and f?
12
Suppose 0*q - 24 = -q. Suppose 0 = -5*y - 5*i + 70, 5*i - 17 = -4*y + 41. What is the greatest common factor of q and y?
12
Let r be -3*(-1 - -2 - 40). Suppose -3*x - r = 18. Let u = -18 - x. What is the highest common divisor of 9 and u?
9
Let n = -17 + 34. Let h(f) = -8*f - 1. Let a(o) = 9*o + 1. Let k(q) = 5*a(q) + 6*h(q). Let y be k(-6). What is the highest common divisor of y and n?
17
Let o(r) = -r**3 + 8*r**2 - 8*r + 12. Let w be o(7). Let t = 3 + -2. Let p be 2/(-2)*(-35)/t. Calculate the highest common divisor of w and p.
5
Suppose 0 = -0*j - j + 124. What is the greatest common divisor of 31 and j?
31
Let v = 91 + -25. Suppose -3*i + 0*i - v = -3*y, 82 = 3*y + 5*i. Calculate the greatest common factor of y and 12.
12
Suppose -2*b - 1 + 35 = 0. Suppose 0 = -s + 7 + b. Suppose 0 = 4*f + 2*n - s, 3*f = 4*f - 4*n + 12. What is the greatest common factor of f and 8?
4
Let c be (-49)/(-3) + 2/(-6). Suppose 5*v - 40 = 5*h, 2*h + c = 2*v + 3*h. Calculate the highest common divisor of 16 and v.
8
Suppose 2*g = 5*g - 12. What is the greatest common factor of 6 and g?
2
Let x = -4 - -6. Let r = 52 - 99. Let n = -25 - r. What is the highest common divisor of x and n?
2
Let v(y) = y**3 - 6*y + 4. Let o be v(4). Calculate the highest common divisor of o and 110.
22
Let r be (-95)/2 - (-1)/2. Let b = r - -13. Let y = -14 - b. Calculate the greatest common factor of 10 and y.
10
Let u be 2/(-1)*(-94)/4. Let x = u - 33. Suppose -3*j - 70 = -c, 5*c - 350 = 3*j - 0*j. What is the highest common divisor of x and c?
14
Suppose -3*s + z = -44 - 0, -2*s + 3*z = -20. Let r be (s/12)/(2/(-6)). Let m = -1 - r. What is the greatest common factor of 3 and m?
3
Suppose -5*i + 16 = -i. Suppose -p - 12 - 2 = -i*c, -p = 5*c - 13. What is the greatest common divisor of 27 and c?
3
Suppose 3*r = -6 - 6. Let d be ((-4)/4)/(r/12). What is the highest common factor of 6 and d?
3
Let i(v) = v**3 - 9*v**2 + 2*v - 7. Let x be i(9). Let z = 2 - 1. What is the highest common factor of x and z?
1
Suppose 2*y = -2*y + 104. Calculate the greatest common factor of 13 and y.
13
Let t(q) = 29*q - 10. Let d be t(3). Calculate the greatest common divisor of 11 and d.
11
Let s(o) = 55*o. Let x(a) = a**2 - 6*a + 1. Let r be x(6). Let v be s(r). What is the greatest common divisor of 5 and v?
5
Let l be (-587)/(-15) - (-4)/(-30). What is the greatest common factor of l and 52?
13
Suppose 0 = -4*a + 12. Let b(k) = k - 3 - 5 + 3*k. Let c be b(5). What is the greatest common factor of a and c?
3
Let r be (-63)/2*8/(-6). What is the highest common factor of r and 7?
7
Suppose 2*w - 16 = -4*m, 5*m - 3*m = -5*w. Suppose -a = 2*f - 339 - 190, m*a + 259 = f. Calculate the greatest common factor of f and 33.
33
Suppose 4 = u + 6. Let w be u/(-2) - (-3 + -2). Let p(b) = 15*b. Let q be p(w). Calculate the greatest common divisor of q and 10.
10
Let x(n) = -3*n + 0*n + 1 + n. Let i be x(3). Let r = i + 9. Calculate the highest common factor of r and 10.
2
Let l(p) = p**3 - 4*p**2 + 3*p + 3. Let u be l(4). Let n = 133 - 88. Calculate the highest common divisor of n and u.
15
Let l(d) = d + 2. Let y be l(-2). Suppose 7*f = -5*i + 2*f + 315, -i - 5*f + 63 = y. Calculate the greatest common divisor of 7 and i.
7
Let l be (-1)/3 - 7/(-3). Suppose l*g - 18 = g. Suppose 3*v - 3*z - 30 = 0, -10 = -v + 5*z + 16. Calculate the highest common divisor of v and g.
6
Let h = 59 - -9. Calculate the highest common factor of h and 17.
17
Suppose u = -2*l + 15, -22 = -2*u + 7*l - 3*l. Suppose -n + 3 = 0, n = -c - 3 + u. What is the greatest common factor of c and 14?
7
Suppose 5*o = -509 - 236. Let s = o - -254. Suppose -3*n + 8*n = s. What is the highest common factor of n and 3?
3
Suppose 0*d + 3*d = 84. Calculate the highest common divisor of d and 70.
14
Let g(x) = x**3 - 2*x - 1. Let s be g(-1). Suppose 5*t - 523 = -5*y + 212, s = 4*y. What is the highest common divisor of 21 and t?
21
Let h(k) = -k + 1. Let m be h(7). Let u = -61 - -109. Let n = u - m. What is the greatest common divisor of 6 and n?
6
Let h be (12/(-10))/(6/40). Let f be (-50)/(-6) - h/12. Let n be (-66)/(-9)*f/2. Calculate the greatest common factor of n and 11.
11
Suppose 24 = -305*s + 309*s. Calculate the highest common 